{"id":65,"date":"2019-12-11T20:29:38","date_gmt":"2019-12-11T19:29:38","guid":{"rendered":"http:\/\/www.calmus.art\/?page_id=65"},"modified":"2021-01-18T21:44:21","modified_gmt":"2021-01-18T20:44:21","slug":"about-us","status":"publish","type":"page","link":"https:\/\/www.calmus.art\/index.php\/about-us\/","title":{"rendered":"ueber uns"},"content":{"rendered":"\t\t<div data-elementor-type=\"wp-page\" data-elementor-id=\"65\" class=\"elementor elementor-65\" data-elementor-post-type=\"page\">\n\t\t\t\t\t\t<section class=\"elementor-section elementor-top-section elementor-element elementor-element-2bca7334 elementor-section-content-middle elementor-section-boxed elementor-section-height-default elementor-section-height-default\" data-id=\"2bca7334\" data-element_type=\"section\" data-e-type=\"section\">\n\t\t\t\t\t\t<div class=\"elementor-container elementor-column-gap-no\">\n\t\t\t\t\t<div class=\"elementor-column elementor-col-100 elementor-top-column elementor-element elementor-element-13481cb9\" data-id=\"13481cb9\" data-element_type=\"column\" data-e-type=\"column\">\n\t\t\t<div class=\"elementor-widget-wrap elementor-element-populated\">\n\t\t\t\t\t\t<div class=\"elementor-element elementor-element-6024934d elementor-widget elementor-widget-heading\" data-id=\"6024934d\" data-element_type=\"widget\" data-e-type=\"widget\" data-widget_type=\"heading.default\">\n\t\t\t\t<div class=\"elementor-widget-container\">\n\t\t\t\t\t<h4 class=\"elementor-heading-title elementor-size-default\">Cezar Calmus<\/h4>\t\t\t\t<\/div>\n\t\t\t\t<\/div>\n\t\t\t\t<div class=\"elementor-element elementor-element-6e6e788c elementor-widget elementor-widget-text-editor\" data-id=\"6e6e788c\" data-element_type=\"widget\" data-e-type=\"widget\" data-widget_type=\"text-editor.default\">\n\t\t\t\t<div class=\"elementor-widget-container\">\n\t\t\t\t\t\t\t\t\t<p>Ich wurde in der kommunistischen Zeit in einer K\u00fcnstlerfamilie geboren. In der Schule zeichnete ich in jeder Unterrichtsstunde, malte f\u00fcr bessere Schulnoten diverse Portr\u00e4ts f\u00fcr Lehrern oder auch von M\u00e4dchen die ich mochte.<\/p><p>Ich besuchte die Volkskunstschule, die Malabteilung. Nach der Schule wurde ich als Grafiker an einem Forschungsinstitut in Bukarest angestellt.<\/p><p>Am Institut hatte ich aufgrund meines Talentes trotz meiner politischen Einstellung, dem Kommunismus gegen\u00fcber, keine Probleme. Bei vielem wurde einfach weg gesehen\u2026<\/p><p>Nach der kommunistischen Zeit, gr\u00fcndete ich mein eigenes Unternehmen,<\/p><p>Hauptgesch\u00e4ftsfeld waren Innenarchitektur, Design und Projektleitung f\u00fcr Gesch\u00e4fte, Hotels, Modeh\u00e4user, Villen und Apartments.<\/p><p>All das habe ich gemacht um einen gewissen Lebensstandard zu erreichen, jedoch habe ich mir die ganze Zeit gew\u00fcnscht, dass irgendwann die Zeit kommen wird in der ich zu meinem normalen seelischen Zustand zur\u00fcckkehren kann um wieder zeichnen und malen zu k\u00f6nnen.<\/p><p>Die Spachtel\/Messertechnik habe es von meinem Vater beigebracht bekommen und Sie seitdem immer mit sehr viel Leidenschat eingesetzt und perfektioniert.<\/p><p>Ich habe immer Monet und Boticelli im Besonderen bewundert.<\/p><p>F\u00fcr manche ist Bescheidenheit die Qualit\u00e4t derer, die keine Qualit\u00e4t haben<\/p><p>Cezar Calmus<\/p>\t\t\t\t\t\t\t\t<\/div>\n\t\t\t\t<\/div>\n\t\t\t\t\t<\/div>\n\t\t<\/div>\n\t\t\t\t\t<\/div>\n\t\t<\/section>\n\t\t\t\t<\/div>\n\t\t","protected":false},"excerpt":{"rendered":"<p>Cezar Calmus Ich wurde in der kommunistischen Zeit in einer K\u00fcnstlerfamilie geboren. In der Schule zeichnete ich in jeder Unterrichtsstunde, malte f\u00fcr bessere Schulnoten diverse Portr\u00e4ts f\u00fcr Lehrern oder auch von M\u00e4dchen die ich mochte. Ich besuchte die Volkskunstschule, die Malabteilung. Nach der Schule wurde ich als Grafiker an einem Forschungsinstitut in Bukarest angestellt. Am [&hellip;]<\/p>\n","protected":false},"author":1,"featured_media":0,"parent":0,"menu_order":0,"comment_status":"closed","ping_status":"closed","template":"","meta":{"footnotes":""},"class_list":["post-65","page","type-page","status-publish","hentry"],"_links":{"self":[{"href":"https:\/\/www.calmus.art\/index.php\/wp-json\/wp\/v2\/pages\/65","targetHints":{"allow":["GET"]}}],"collection":[{"href":"https:\/\/www.calmus.art\/index.php\/wp-json\/wp\/v2\/pages"}],"about":[{"href":"https:\/\/www.calmus.art\/index.php\/wp-json\/wp\/v2\/types\/page"}],"author":[{"embeddable":true,"href":"https:\/\/www.calmus.art\/index.php\/wp-json\/wp\/v2\/users\/1"}],"replies":[{"embeddable":true,"href":"https:\/\/www.calmus.art\/index.php\/wp-json\/wp\/v2\/comments?post=65"}],"version-history":[{"count":15,"href":"https:\/\/www.calmus.art\/index.php\/wp-json\/wp\/v2\/pages\/65\/revisions"}],"predecessor-version":[{"id":519,"href":"https:\/\/www.calmus.art\/index.php\/wp-json\/wp\/v2\/pages\/65\/revisions\/519"}],"wp:attachment":[{"href":"https:\/\/www.calmus.art\/index.php\/wp-json\/wp\/v2\/media?parent=65"}],"curies":[{"name":"wp","href":"https:\/\/api.w.org\/{rel}","templated":true}]}}